{"id":533,"date":"2021-08-18T16:52:42","date_gmt":"2021-08-18T16:52:42","guid":{"rendered":"https:\/\/novasource.de\/?page_id=533"},"modified":"2021-09-01T14:39:30","modified_gmt":"2021-09-01T14:39:30","slug":"weiterbildung-workshops-tagungen","status":"publish","type":"page","link":"https:\/\/novasource.de\/?page_id=533","title":{"rendered":"Weiterbildung + Workshops"},"content":{"rendered":"\n<figure class=\"wp-block-image size-large is-resized\"><img loading=\"lazy\" decoding=\"async\" src=\"https:\/\/novasource.de\/wp-content\/uploads\/2021\/08\/D379655D-BC60-4746-B4EB-7CCA11348B60-1024x764.jpeg\" alt=\"\" class=\"wp-image-534\" width=\"626\" height=\"466\" srcset=\"https:\/\/novasource.de\/wp-content\/uploads\/2021\/08\/D379655D-BC60-4746-B4EB-7CCA11348B60-1024x764.jpeg 1024w, https:\/\/novasource.de\/wp-content\/uploads\/2021\/08\/D379655D-BC60-4746-B4EB-7CCA11348B60-300x224.jpeg 300w, https:\/\/novasource.de\/wp-content\/uploads\/2021\/08\/D379655D-BC60-4746-B4EB-7CCA11348B60-768x573.jpeg 768w, https:\/\/novasource.de\/wp-content\/uploads\/2021\/08\/D379655D-BC60-4746-B4EB-7CCA11348B60-1536x1146.jpeg 1536w, https:\/\/novasource.de\/wp-content\/uploads\/2021\/08\/D379655D-BC60-4746-B4EB-7CCA11348B60.jpeg 1930w\" sizes=\"auto, (max-width: 626px) 100vw, 626px\" \/><\/figure>\n\n\n\n<p><strong>2021<\/strong><\/p>\n\n\n\n<ul class=\"wp-block-list\"><li>Workshop \u201eNachhaltigkeit in die eigene Lehre integrieren\u201c, hdw, online<\/li><li>Webinar \u201eK\u00f6rperideale von Jugendlichen im Netz\u201c, Digitale Helden  Frankfurt, online<\/li><li>Workshop &#8222;Agile Methoden &#8211; Design Thinking f\u00fcr die eigene Forschung nutzen&#8220;, Center for Advanced Internetstudies CAIS, online<\/li><\/ul>\n\n\n\n<p><strong>2020&nbsp;&nbsp;&nbsp;<\/strong>&nbsp;&nbsp;&nbsp;&nbsp;&nbsp;&nbsp;&nbsp;&nbsp;&nbsp;&nbsp;&nbsp;&nbsp;&nbsp;&nbsp;&nbsp;&nbsp;&nbsp;&nbsp;&nbsp;&nbsp;&nbsp;&nbsp;&nbsp; <\/p>\n\n\n\n<ul class=\"wp-block-list\"><li>Workshop \u201cStorytelling Einmaleins mit Actionbound\u201d, Berlin, online<\/li><li>Workshop &#8222;Berufungsverfahren: Gestaltung und Regeln&#8220;, Hochschule Niederrhein, Krefeld<\/li><li>GMK Forum Kommunikationskultur &#8222;Medienkultur und \u00d6ffentlichkeit &#8211; Meinungs- und Medienbildung zwischen Engagement, Einfluss und Protest&#8220;, online<\/li><\/ul>\n\n\n\n<p><strong>2019<\/strong><\/p>\n\n\n\n<ul class=\"wp-block-list\"><li>GMK Forum Kommunikationskultur &#8222;Zwischen Utopie und Dystopie &#8211; Medienp\u00e4dagogische Perspektiven f\u00fcr die digitale Gesellschaft&#8220;, Hochschule M\u00fcnchen<\/li><\/ul>\n\n\n\n<p><strong>2018<\/strong>&nbsp;&nbsp;&nbsp;&nbsp;&nbsp;&nbsp;&nbsp;&nbsp;&nbsp;&nbsp;&nbsp;&nbsp;&nbsp;&nbsp;&nbsp;&nbsp;&nbsp;&nbsp;&nbsp;&nbsp;&nbsp;&nbsp;&nbsp;&nbsp;&nbsp;&nbsp; <\/p>\n\n\n\n<ul class=\"wp-block-list\"><li>Upload-Fachtag: \u201eZeitfresser?! Scheinwelt?! Manipulation?! Social Media und Big Data, medienp\u00e4dagogische Ans\u00e4tze f\u00fcr die Jugendarbeit\u201d, jfc, K\u00f6ln<\/li><li>Game Forum &#8222;Next Level&#8220;, NRW Forum D\u00fcsseldorf<\/li><\/ul>\n\n\n\n<p><strong>2017<\/strong>&nbsp;&nbsp;&nbsp;&nbsp;&nbsp;&nbsp;&nbsp;&nbsp;&nbsp;&nbsp;&nbsp;&nbsp;&nbsp;&nbsp;&nbsp;&nbsp;&nbsp;&nbsp;&nbsp;&nbsp;&nbsp;&nbsp;&nbsp;&nbsp;&nbsp;&nbsp; <\/p>\n\n\n\n<ul class=\"wp-block-list\"><li>\u201eConcepts in early science and technology education \u2013 videography and video analysis\u201d, internationales Forschungsprojekt &#8222;Durch Neugier lernen&#8220;, Krefeld<\/li><li>Workshop: \u201eMedienp\u00e4dagogische Methoden f\u00fcr die Arbeit mit M\u00e4dchen mit Flucht- und Migrationsgeschichte\u201c, Leyla M\u00e4dchentreff, D\u00fcsseldorf<\/li><li>Workshop &#8222;Die eigene Lehre gestalten&#8220;, hdw, Hochschule St. Augustin\/Bonn<\/li><li>\u201eDigitalisierung @HSD: Kommunikation und Kollaboration\/Digitalisierung des Arbeitsalltags\u201c, Hochschule D\u00fcsseldorf<\/li><li>Webinar &#8222;Hate Speech, Fake News &amp; Extremismus&#8220;, Landesmedienzentrale Baden-W\u00fcrttemberg, LMZ, online<\/li><\/ul>\n\n\n\n<p><strong>2015<\/strong>&nbsp;&nbsp;&nbsp;&nbsp;&nbsp;&nbsp;&nbsp;&nbsp;&nbsp;&nbsp;&nbsp;&nbsp;&nbsp;&nbsp;&nbsp;&nbsp;&nbsp;&nbsp;&nbsp;&nbsp;&nbsp; <\/p>\n\n\n\n<ul class=\"wp-block-list\"><li>Teilnahme an&nbsp; LfM-Fachtagung \u201eAlways on\u201c der Landesanstalt f\u00fcr Medien, D\u00fcsseldorf<\/li><li>Weiterqualifizierung f\u00fcr Aus- und Weiterbildner \u201eChancen-gleich! Kulturelle Vielfalt als Ressource in fr\u00fchkindlichen Bildungsprozessen\u201c, Zentrum f\u00fcr Kinder- und Jugendforschung (ZfKJ) im Auftrag der Robert-Bosch-Stiftung, Hamminkeln<\/li><\/ul>\n\n\n\n<p><strong>2013&nbsp;<\/strong>&nbsp;&nbsp;&nbsp;&nbsp;&nbsp;&nbsp;&nbsp;&nbsp;&nbsp;&nbsp;&nbsp;&nbsp;&nbsp;&nbsp;&nbsp;&nbsp;&nbsp;&nbsp;&nbsp;&nbsp;&nbsp;&nbsp;&nbsp;&nbsp;&nbsp; <\/p>\n\n\n\n<ul class=\"wp-block-list\"><li>Teilnahme an Fachtagung \u201eSoziale Arbeit in einer Schule der Vielfalt\u201c, Kommunale Integrationsstellen Landeskoordinierungsstelle NRW\/Modellprojekt Chancen der Vielfalt, Leverkusen<\/li><\/ul>\n\n\n\n<p><strong>1998 &#8211; 1999<\/strong>&nbsp;&nbsp;&nbsp;&nbsp; <\/p>\n\n\n\n<ul class=\"wp-block-list\"><li>Fortbildung\/Zertifikat zur Online-Entwicklerin, Macromedia, M\u00fcnchen&nbsp;&nbsp;&nbsp;&nbsp;&nbsp;&nbsp;&nbsp;&nbsp;&nbsp;&nbsp;&nbsp;&nbsp;&nbsp;&nbsp;&nbsp;<\/li><li>Grundkurs Jugendreiseleiterausbildung, RUF Jugendreisen, Bielefeld<\/li><\/ul>\n","protected":false},"excerpt":{"rendered":"<p>2021 Workshop \u201eNachhaltigkeit in die eigene Lehre integrieren\u201c, hdw, online Webinar \u201eK\u00f6rperideale von Jugendlichen im Netz\u201c, Digitale Helden Frankfurt, online Workshop &#8222;Agile Methoden &#8211; Design Thinking f\u00fcr die eigene Forschung nutzen&#8220;, Center for Advanced Internetstudies CAIS, online 2020&nbsp;&nbsp;&nbsp;&nbsp;&nbsp;&nbsp;&nbsp;&nbsp;&nbsp;&nbsp;&nbsp;&nbsp;&nbsp;&nbsp;&nbsp;&nbsp;&nbsp;&nbsp;&nbsp;&nbsp;&nbsp;&nbsp;&nbsp;&nbsp;&nbsp;&nbsp; Workshop \u201cStorytelling Einmaleins mit Actionbound\u201d, Berlin, online Workshop &#8222;Berufungsverfahren: Gestaltung und Regeln&#8220;, Hochschule Niederrhein, Krefeld GMK Forum &hellip; <\/p>\n<p class=\"link-more\"><a href=\"https:\/\/novasource.de\/?page_id=533\" class=\"more-link\"><span class=\"screen-reader-text\">\u201eWeiterbildung + Workshops\u201c <\/span>weiterlesen<\/a><\/p>\n","protected":false},"author":1,"featured_media":0,"parent":143,"menu_order":3,"comment_status":"closed","ping_status":"closed","template":"","meta":{"footnotes":""},"class_list":["post-533","page","type-page","status-publish","hentry"],"_links":{"self":[{"href":"https:\/\/novasource.de\/index.php?rest_route=\/wp\/v2\/pages\/533","targetHints":{"allow":["GET"]}}],"collection":[{"href":"https:\/\/novasource.de\/index.php?rest_route=\/wp\/v2\/pages"}],"about":[{"href":"https:\/\/novasource.de\/index.php?rest_route=\/wp\/v2\/types\/page"}],"author":[{"embeddable":true,"href":"https:\/\/novasource.de\/index.php?rest_route=\/wp\/v2\/users\/1"}],"replies":[{"embeddable":true,"href":"https:\/\/novasource.de\/index.php?rest_route=%2Fwp%2Fv2%2Fcomments&post=533"}],"version-history":[{"count":4,"href":"https:\/\/novasource.de\/index.php?rest_route=\/wp\/v2\/pages\/533\/revisions"}],"predecessor-version":[{"id":543,"href":"https:\/\/novasource.de\/index.php?rest_route=\/wp\/v2\/pages\/533\/revisions\/543"}],"up":[{"embeddable":true,"href":"https:\/\/novasource.de\/index.php?rest_route=\/wp\/v2\/pages\/143"}],"wp:attachment":[{"href":"https:\/\/novasource.de\/index.php?rest_route=%2Fwp%2Fv2%2Fmedia&parent=533"}],"curies":[{"name":"wp","href":"https:\/\/api.w.org\/{rel}","templated":true}]}}