{"id":279,"date":"2020-03-13T16:13:49","date_gmt":"2020-03-13T16:13:49","guid":{"rendered":"http:\/\/novasource.de\/?page_id=279"},"modified":"2020-03-13T16:55:42","modified_gmt":"2020-03-13T16:55:42","slug":"projekte-3","status":"publish","type":"page","link":"https:\/\/novasource.de\/?page_id=279","title":{"rendered":"Projekte"},"content":{"rendered":"\n<figure class=\"wp-block-image size-large\"><img loading=\"lazy\" decoding=\"async\" width=\"1024\" height=\"768\" src=\"http:\/\/novasource.de\/wp-content\/uploads\/2020\/03\/frauenITnetz-1024x768.jpg\" alt=\"\" class=\"wp-image-71\" srcset=\"https:\/\/novasource.de\/wp-content\/uploads\/2020\/03\/frauenITnetz-1024x768.jpg 1024w, https:\/\/novasource.de\/wp-content\/uploads\/2020\/03\/frauenITnetz-300x225.jpg 300w, https:\/\/novasource.de\/wp-content\/uploads\/2020\/03\/frauenITnetz-768x576.jpg 768w, https:\/\/novasource.de\/wp-content\/uploads\/2020\/03\/frauenITnetz-1200x900.jpg 1200w, https:\/\/novasource.de\/wp-content\/uploads\/2020\/03\/frauenITnetz.jpg 1280w\" sizes=\"auto, (max-width: 767px) 89vw, (max-width: 1000px) 54vw, (max-width: 1071px) 543px, 580px\" \/><\/figure>\n\n\n\n<h2 class=\"wp-block-heading\">Eigene Projekte<\/h2>\n\n\n\n<p>Ada Lovelace &#8211; Frauen und Informatik <a href=\"https:\/\/novasource.de\/?page_id=281\">&gt;&gt;<\/a><\/p>\n\n\n\n<p>Baudrillard &amp; Big Data <a href=\"https:\/\/novasource.de\/?page_id=6\">&gt;&gt;<\/a><\/p>\n\n\n\n<h2 class=\"wp-block-heading\">Schulprojekte <\/h2>\n\n\n\n<p>als Kooperationspartnerin im Rahmen integrierten sowie offenen Ganztags von Grundschulen:<\/p>\n\n\n\n<p>iPad-AG: Lieblingsorte &amp; Schule der Zukunft <a href=\"https:\/\/novasource.de\/?page_id=106\">&gt;&gt; <\/a><\/p>\n\n\n\n<p>H\u00f6rclub I: RaRo Radio  <a href=\"https:\/\/novasource.de\/?page_id=105\">&gt;&gt;<\/a><\/p>\n\n\n\n<p>H\u00f6rclub II: Happy Club <a href=\"https:\/\/novasource.de\/?page_id=197\">&gt;&gt;<\/a><\/p>\n\n\n\n<p>H\u00f6rbilder: H\u00f6r mal, was da h\u00e4ngt <a href=\"https:\/\/novasource.de\/?page_id=191\">&gt;&gt;<\/a><\/p>\n\n\n\n<p>H\u00f6r- und Erz\u00e4hlkreis: Zeus, Medusa &amp; die anderen <a href=\"https:\/\/novasource.de\/?page_id=204\">&gt;&gt;<\/a><\/p>\n\n\n\n<h2 class=\"wp-block-heading\">Lehr- und Seminarprojekte<\/h2>\n\n\n\n<p>Themenauswahl: <\/p>\n\n\n\n<p>Artikulation im \u00f6ffentlichen Raum; Social Scoring; Stereotypisierung, Darstellung von Geschlechterbildern in den Medien; Kinderbilder im Netz; Selfies und Identit\u00e4tsbildung; Fake News und politische Bildung uvm. <a href=\"https:\/\/novasource.de\/?page_id=104\">>><\/a><\/p>\n","protected":false},"excerpt":{"rendered":"<p>Eigene Projekte Ada Lovelace &#8211; Frauen und Informatik &gt;&gt; Baudrillard &amp; Big Data &gt;&gt; Schulprojekte als Kooperationspartnerin im Rahmen integrierten sowie offenen Ganztags von Grundschulen: iPad-AG: Lieblingsorte &amp; Schule der Zukunft &gt;&gt; H\u00f6rclub I: RaRo Radio &gt;&gt; H\u00f6rclub II: Happy Club &gt;&gt; H\u00f6rbilder: H\u00f6r mal, was da h\u00e4ngt &gt;&gt; H\u00f6r- und Erz\u00e4hlkreis: Zeus, Medusa &amp; &hellip; <\/p>\n<p class=\"link-more\"><a href=\"https:\/\/novasource.de\/?page_id=279\" class=\"more-link\"><span class=\"screen-reader-text\">\u201eProjekte\u201c <\/span>weiterlesen<\/a><\/p>\n","protected":false},"author":1,"featured_media":0,"parent":0,"menu_order":0,"comment_status":"closed","ping_status":"closed","template":"","meta":{"footnotes":""},"class_list":["post-279","page","type-page","status-publish","hentry"],"_links":{"self":[{"href":"https:\/\/novasource.de\/index.php?rest_route=\/wp\/v2\/pages\/279","targetHints":{"allow":["GET"]}}],"collection":[{"href":"https:\/\/novasource.de\/index.php?rest_route=\/wp\/v2\/pages"}],"about":[{"href":"https:\/\/novasource.de\/index.php?rest_route=\/wp\/v2\/types\/page"}],"author":[{"embeddable":true,"href":"https:\/\/novasource.de\/index.php?rest_route=\/wp\/v2\/users\/1"}],"replies":[{"embeddable":true,"href":"https:\/\/novasource.de\/index.php?rest_route=%2Fwp%2Fv2%2Fcomments&post=279"}],"version-history":[{"count":3,"href":"https:\/\/novasource.de\/index.php?rest_route=\/wp\/v2\/pages\/279\/revisions"}],"predecessor-version":[{"id":290,"href":"https:\/\/novasource.de\/index.php?rest_route=\/wp\/v2\/pages\/279\/revisions\/290"}],"wp:attachment":[{"href":"https:\/\/novasource.de\/index.php?rest_route=%2Fwp%2Fv2%2Fmedia&parent=279"}],"curies":[{"name":"wp","href":"https:\/\/api.w.org\/{rel}","templated":true}]}}