{"id":105,"date":"2020-03-03T16:46:13","date_gmt":"2020-03-03T16:46:13","guid":{"rendered":"http:\/\/novasource.de\/?page_id=105"},"modified":"2020-03-13T16:43:30","modified_gmt":"2020-03-13T16:43:30","slug":"hoerclub","status":"publish","type":"page","link":"https:\/\/novasource.de\/?page_id=105","title":{"rendered":"H\u00f6rclub: RaRo"},"content":{"rendered":"\n<div class=\"wp-block-image is-style-default\"><figure class=\"aligncenter size-large\"><img loading=\"lazy\" decoding=\"async\" width=\"1024\" height=\"768\" src=\"http:\/\/novasource.de\/wp-content\/uploads\/2020\/03\/radioprojektbus-1024x768.jpg\" alt=\"\" class=\"wp-image-34\" srcset=\"https:\/\/novasource.de\/wp-content\/uploads\/2020\/03\/radioprojektbus-1024x768.jpg 1024w, https:\/\/novasource.de\/wp-content\/uploads\/2020\/03\/radioprojektbus-300x225.jpg 300w, https:\/\/novasource.de\/wp-content\/uploads\/2020\/03\/radioprojektbus-768x576.jpg 768w, https:\/\/novasource.de\/wp-content\/uploads\/2020\/03\/radioprojektbus-1200x900.jpg 1200w, https:\/\/novasource.de\/wp-content\/uploads\/2020\/03\/radioprojektbus.jpg 1280w\" sizes=\"auto, (max-width: 767px) 89vw, (max-width: 1000px) 54vw, (max-width: 1071px) 543px, 580px\" \/><\/figure><\/div>\n\n\n\n<h2 class=\"wp-block-heading\">RaRo Radio <\/h2>\n\n\n\n<p>Sch\u00fclerinnen und Sch\u00fcler einer vierten Grundschulklasse entwickelten \u00fcber ein ganzes Schuljahr zu selbst gew\u00e4hlten Themen eigene Radiobeitr\u00e4ge. Diese wurden mit meiner Unterst\u00fctzung in Kleingruppen am Computer geschnitten, mit Soundeffekten versehen und in eine schl\u00fcssige Reihenfolge gebracht. Die An- und Abmoderation \u00fcbernahmen ebenso die Kinder &#8211; in verschiedenen Sprachen. So entstand eine tolle Radioshow, die in 45 Minuten \u00fcber das Schulessen, die Lieblingsf\u00e4cher der Lehrer*innen, Hobbys von Sch\u00fcler*innen und weiteren Themen unterhaltsam berichtete. Ein Highlight war der Besuch eines professionellen Radioteams von <a href=\"https:\/\/kinder.wdr.de\/radio\/kiraka\/\" target=\"_blank\" rel=\"noreferrer noopener\" aria-label=\"Kiraka (\u00f6ffnet in neuem Tab)\">Kiraka<\/a>, dem Kinderradio. Das Team produzierte mit der ganzen Klasse eine Sendung, die dann sp\u00e4ter ausgestrahlt wurde. <\/p>\n\n\n\n<p><em>Verlauf: <\/em>Schulung der auditiven Wahrnehmung, Ger\u00e4usche raten, Ger\u00e4uschen erzeugen, H\u00f6rsinn schulen, mit Aufnahmeger\u00e4t vertraut machen, Klangherz und Fantasiereisen zur Konzentrations- und Entspannungs\u00fcbung <\/p>\n\n\n\n<p>Auseinandersetzung mit journalistischen und Unterhaltungs-Formaten (Feature, Beitrag, Interview, Umfrage, Comedy, Werbung, &#8230;) Ideenfindung, Aufnahme, Schnitt, Pr\u00e4sentation der Radiosendung vor den Eltern, CD-Cover-Gestaltung<\/p>\n\n\n\n<p><strong>Medien &amp; Materialien<\/strong><em>:<\/em> MP3-Aufnahmeger\u00e4t, Computer, externes Mikrophon, Audioschnittprogramm Garageband, CD-Brenner, Alltagsmaterialien f\u00fcr die Herstellung von Ger\u00e4uschen<\/p>\n\n\n\n<p><\/p>\n\n\n\n<figure class=\"wp-block-gallery columns-3 is-cropped wp-block-gallery-1 is-layout-flex wp-block-gallery-is-layout-flex\"><ul class=\"blocks-gallery-grid\"><li class=\"blocks-gallery-item\"><figure><img loading=\"lazy\" decoding=\"async\" width=\"1024\" height=\"768\" src=\"http:\/\/novasource.de\/wp-content\/uploads\/2020\/03\/radiobusoffen-1024x768.jpg\" alt=\"\" data-id=\"33\" data-full-url=\"http:\/\/novasource.de\/wp-content\/uploads\/2020\/03\/radiobusoffen.jpg\" data-link=\"http:\/\/novasource.de\/?attachment_id=33\" class=\"wp-image-33\" srcset=\"https:\/\/novasource.de\/wp-content\/uploads\/2020\/03\/radiobusoffen-1024x768.jpg 1024w, https:\/\/novasource.de\/wp-content\/uploads\/2020\/03\/radiobusoffen-300x225.jpg 300w, https:\/\/novasource.de\/wp-content\/uploads\/2020\/03\/radiobusoffen-768x576.jpg 768w, https:\/\/novasource.de\/wp-content\/uploads\/2020\/03\/radiobusoffen-1200x900.jpg 1200w, https:\/\/novasource.de\/wp-content\/uploads\/2020\/03\/radiobusoffen.jpg 1280w\" sizes=\"auto, (max-width: 767px) 89vw, (max-width: 1000px) 54vw, (max-width: 1071px) 543px, 580px\" \/><\/figure><\/li><li class=\"blocks-gallery-item\"><figure><img loading=\"lazy\" decoding=\"async\" width=\"1024\" height=\"765\" src=\"http:\/\/novasource.de\/wp-content\/uploads\/2020\/03\/ho\u0308rclubCD2012-1024x765.jpg\" alt=\"\" data-id=\"49\" data-full-url=\"http:\/\/novasource.de\/wp-content\/uploads\/2020\/03\/ho\u0308rclubCD2012.jpg\" data-link=\"http:\/\/novasource.de\/?attachment_id=49\" class=\"wp-image-49\" srcset=\"https:\/\/novasource.de\/wp-content\/uploads\/2020\/03\/ho\u0308rclubCD2012-1024x765.jpg 1024w, https:\/\/novasource.de\/wp-content\/uploads\/2020\/03\/ho\u0308rclubCD2012-300x224.jpg 300w, https:\/\/novasource.de\/wp-content\/uploads\/2020\/03\/ho\u0308rclubCD2012-768x574.jpg 768w, https:\/\/novasource.de\/wp-content\/uploads\/2020\/03\/ho\u0308rclubCD2012-1200x896.jpg 1200w, https:\/\/novasource.de\/wp-content\/uploads\/2020\/03\/ho\u0308rclubCD2012.jpg 1280w\" sizes=\"auto, (max-width: 767px) 89vw, (max-width: 1000px) 54vw, (max-width: 1071px) 543px, 580px\" \/><\/figure><\/li><li class=\"blocks-gallery-item\"><figure><img loading=\"lazy\" decoding=\"async\" width=\"1024\" height=\"768\" src=\"http:\/\/novasource.de\/wp-content\/uploads\/2020\/03\/radioprojektequip-1024x768.jpg\" alt=\"\" data-id=\"35\" data-full-url=\"http:\/\/novasource.de\/wp-content\/uploads\/2020\/03\/radioprojektequip.jpg\" data-link=\"http:\/\/novasource.de\/?attachment_id=35\" class=\"wp-image-35\" srcset=\"https:\/\/novasource.de\/wp-content\/uploads\/2020\/03\/radioprojektequip-1024x768.jpg 1024w, https:\/\/novasource.de\/wp-content\/uploads\/2020\/03\/radioprojektequip-300x225.jpg 300w, https:\/\/novasource.de\/wp-content\/uploads\/2020\/03\/radioprojektequip-768x576.jpg 768w, https:\/\/novasource.de\/wp-content\/uploads\/2020\/03\/radioprojektequip-1200x900.jpg 1200w, https:\/\/novasource.de\/wp-content\/uploads\/2020\/03\/radioprojektequip.jpg 1280w\" sizes=\"auto, (max-width: 767px) 89vw, (max-width: 1000px) 54vw, (max-width: 1071px) 543px, 580px\" \/><\/figure><\/li><li class=\"blocks-gallery-item\"><figure><img loading=\"lazy\" decoding=\"async\" width=\"1024\" height=\"768\" src=\"http:\/\/novasource.de\/wp-content\/uploads\/2020\/03\/radioprojektequipclose-1024x768.jpg\" alt=\"\" data-id=\"36\" data-full-url=\"http:\/\/novasource.de\/wp-content\/uploads\/2020\/03\/radioprojektequipclose.jpg\" data-link=\"http:\/\/novasource.de\/?attachment_id=36\" class=\"wp-image-36\" srcset=\"https:\/\/novasource.de\/wp-content\/uploads\/2020\/03\/radioprojektequipclose-1024x768.jpg 1024w, https:\/\/novasource.de\/wp-content\/uploads\/2020\/03\/radioprojektequipclose-300x225.jpg 300w, https:\/\/novasource.de\/wp-content\/uploads\/2020\/03\/radioprojektequipclose-768x576.jpg 768w, https:\/\/novasource.de\/wp-content\/uploads\/2020\/03\/radioprojektequipclose-1200x900.jpg 1200w, https:\/\/novasource.de\/wp-content\/uploads\/2020\/03\/radioprojektequipclose.jpg 1280w\" sizes=\"auto, (max-width: 767px) 89vw, (max-width: 1000px) 54vw, (max-width: 1071px) 543px, 580px\" \/><\/figure><\/li><\/ul><\/figure>\n","protected":false},"excerpt":{"rendered":"<p>RaRo Radio Sch\u00fclerinnen und Sch\u00fcler einer vierten Grundschulklasse entwickelten \u00fcber ein ganzes Schuljahr zu selbst gew\u00e4hlten Themen eigene Radiobeitr\u00e4ge. Diese wurden mit meiner Unterst\u00fctzung in Kleingruppen am Computer geschnitten, mit Soundeffekten versehen und in eine schl\u00fcssige Reihenfolge gebracht. Die An- und Abmoderation \u00fcbernahmen ebenso die Kinder &#8211; in verschiedenen Sprachen. So entstand eine tolle Radioshow, &hellip; <\/p>\n<p class=\"link-more\"><a href=\"https:\/\/novasource.de\/?page_id=105\" class=\"more-link\"><span class=\"screen-reader-text\">\u201eH\u00f6rclub: RaRo\u201c <\/span>weiterlesen<\/a><\/p>\n","protected":false},"author":1,"featured_media":0,"parent":279,"menu_order":2,"comment_status":"closed","ping_status":"closed","template":"","meta":{"footnotes":""},"class_list":["post-105","page","type-page","status-publish","hentry"],"_links":{"self":[{"href":"https:\/\/novasource.de\/index.php?rest_route=\/wp\/v2\/pages\/105","targetHints":{"allow":["GET"]}}],"collection":[{"href":"https:\/\/novasource.de\/index.php?rest_route=\/wp\/v2\/pages"}],"about":[{"href":"https:\/\/novasource.de\/index.php?rest_route=\/wp\/v2\/types\/page"}],"author":[{"embeddable":true,"href":"https:\/\/novasource.de\/index.php?rest_route=\/wp\/v2\/users\/1"}],"replies":[{"embeddable":true,"href":"https:\/\/novasource.de\/index.php?rest_route=%2Fwp%2Fv2%2Fcomments&post=105"}],"version-history":[{"count":9,"href":"https:\/\/novasource.de\/index.php?rest_route=\/wp\/v2\/pages\/105\/revisions"}],"predecessor-version":[{"id":265,"href":"https:\/\/novasource.de\/index.php?rest_route=\/wp\/v2\/pages\/105\/revisions\/265"}],"up":[{"embeddable":true,"href":"https:\/\/novasource.de\/index.php?rest_route=\/wp\/v2\/pages\/279"}],"wp:attachment":[{"href":"https:\/\/novasource.de\/index.php?rest_route=%2Fwp%2Fv2%2Fmedia&parent=105"}],"curies":[{"name":"wp","href":"https:\/\/api.w.org\/{rel}","templated":true}]}}